cmq tutti i file generati sn tutti .wlk
nessun txt....
il mio sito web:...memento audere semper...
|| ¢υяνα A ||
BElla li, ce lho fatta anche io ad usarlo!
ALlora tornando al tuo problema... dunque aspetta che provo io e vedo se mi funziona e se ho dimenticato di dirti qualcosa
[
Ok Forse ho dimenticato una cosa. DOpo che hai cliccato save reports, apparentemente non accade nulla.
Tu vai nella prima "finestra" del programma (current settings) e clicca su Run Report. Ti verrà creato il file di testo nella cartella indicata in basso (l'ultima, dopo reports output folder)
Ciao
[
esatto . mi è uscito fuori il report per giugno
grazie cumpà!
il mio sito web:...memento audere semper...
|| ¢υяνα A ||
un'ultima cosa: ma il vento nn può essere selezionato cm km\h??
il mio sito web:...memento audere semper...
|| ¢υяνα A ||
Si certo! Nella "finestra" Current settings, seleziona le unità di misura che vuoi! KPH per il vento
[
Se volete provare anche il mio programma ho terminato di adattarlo per WL.
Tenete presente che è fatto a mio uso e consumo per cui non è completamente flessibile come configurazione.
Lo zip contiene un readme.txt per le istruzioni.
Lo potete scaricare da qui:
http://www.mclink.it/personal/MC8998/MeteoreportWL.zip
Complimenti Baron ottimo programma ,un unica cosa non so perché nell'esportare i dati mi trovo varie minime a 0.0°C
Codice:MONTHLY CLIMATOLOGICAL SUMMARY FOR June 2008 TEMPERATURE (°C), WIND SPEED (Km/h), PRESSURE (hpa), RAIN (mm) MEAN AVG MEAN DEW REL.HUMIDITY MEAN WIND DOM DAY TEMP HIGH TIME LOW TIME POINT HIGH LOW PRESSURE RAIN SPEED GUST TIME DIR ----------------------------------------------------------------------------------------------------------------- 12 18.5 22.8 18:25 16.3 00:00 14.3 88% 58% 1005.8 5.5 3.8 27.4 19:35 SE 13 19.0 25.6 17:20 13.4 00:00 11.3 92% 27% 1005.9 37.6 2.6 30.6 20:15 W 14 14.3 18.2 16:05 11.5 6:20 9.9 92% 52% 1011.6 5.3 2.3 20.9 16:00 SE 15 12.8 13.6 9:20 11.9 00:00 10.2 89% 78% 1011.7 12.8 0.2 11.3 9:25 NNW 16 12.4 13.7 18:20 11.5 4:25 11.0 92% 89% 1010.2 29.1 0.0 8.0 11:35 NW 17 14.3 18.1 17:55 12.0 6:30 12.3 93% 79% 1010.3 34.9 0.3 16.1 6:20 W 18 18.0 24.4 16:25 11.3 3:50 12.7 91% 50% 1012.9 0.3 1.6 22.5 14:15 SE 19 20.4 26.9 17:15 0.0 18:10 14.1 89% 42% 1014.8 0.0 0.8 22.5 15:30 WSW 20 21.9 29.4 17:05 0.0 12:50 15.3 89% 42% 1015.3 0.0 1.0 16.1 13:15 SW 21 23.4 30.0 17:10 16.8 5:50 17.0 90% 45% 1017.4 0.0 1.1 20.9 13:40 W 22 23.5 30.7 18:20 0.0 18:55 18.1 89% 46% 1018.0 0.0 0.7 12.9 15:35 NW 23 24.6 31.9 17:05 17.8 6:15 17.0 88% 34% 1016.1 0.0 1.2 12.9 14:45 SW 24 23.8 30.5 14:45 17.9 5:55 16.3 88% 32% 1015.1 0.0 0.9 17.7 13:15 WSW 25 24.0 30.9 16:40 16.8 6:25 16.3 89% 35% 1014.2 0.0 1.1 16.1 15:00 WSW 26 24.0 31.8 15:15 18.0 6:20 16.6 88% 35% 1013.8 0.0 1.1 16.1 14:35 W ----------------------------------------------------------------------------------------------------------------- 19.7 31.9 day 23 0.0 day 19 14.2 93% 27% 1012.9 125.5 1.2 30.6 day 13 W
Stazione Meteo Vantage Pro 2
Meteo Besozzo
Ottimissimo! Baron, devi assolutamente continuarlo a sviluppare, aggiungendo il più possibile dei parametri con minimi, massimi e medi. Ma per il resto è ottimo!
A me, ad es., mi da errore nel convertire la pressione e la pioggia...
Ecco...
MEAN AVG
MEAN DEW REL.HUMIDITY MEAN WIND DOM
DAY TEMP HIGH TIME LOW TIME POINT HIGH LOW PRESSURE RAIN SPEED GUST TIME DIR
-----------------------------------------------------------------------------------------------------------------
1 15.0 22.7 16.10 8.3 2.35 10.6 99% 42% 16.4 291268.3 3.7 22.5 14.45 NW
Stazione Meteo Mirandola-Modena (Ponte Alto)
No burian, no party!
Aspetto Weikoff e l'Orso da anni: il 2016 sarà quello giusto!
Ma il programmino WLreporter da me segnalato non lo utilizzate? Li mi pare che ci sia piu o meno tutto
[
Segnalibri