Allora io per fare il report faccio cosi, copio il file wlk del mese che mi interessa, dalla cartella di weatherlink al desktop, e poi ogni volta indico "create new database" da salvare sempre sul desktop.
che praticamente penso sia lo stesso che fa ippiu!
[
Stazione Meteo Mirandola-Modena (Ponte Alto)
No burian, no party!
Aspetto Weikoff e l'Orso da anni: il 2016 sarà quello giusto!
nuova versione
http://www.mclink.it/personal/MC8998...ReportWL11.zip
Sei un mago !!!!!! Semplicemente fantastica questa versione
Codice:MONTHLY CLIMATOLOGICAL SUMMARY FOR July 2008 TEMPERATURE (°C), WIND SPEED (Km/h), PRESSURE (hpa), RAIN (mm) TEMP TEMP TEMP DWP DWP DWP RH RH RH HI PRES PRES PRES RRATE WIND DOM DAY MEAN HIGH TIME LOW TIME MEAN HIGH LOW MEAN HIGH LOW HIGH MEAN HIGH LOW HIGH RAIN AVG GUST TIME DIR --------------------------------------------------------------------------------------------------------------------------------------------------------------------- 1 22.4 27.7 17:15 18.0 8:05 15.9 18.6 10.4 69% 87% 37% 27.6 1015.2 1018.9 1012.5 58.4 12.4 1.0 19.3 6:15 W 2 23.4 29.2 15:35 18.4 6:05 16.3 19.3 14.0 66% 83% 40% 29.4 1011.9 1013.9 1009.2 0.0 0.0 1.1 16.1 14:35 NW 3 21.5 26.6 12:35 18.6 00:00 17.2 19.4 15.0 77% 88% 56% 27.2 1010.2 1011.2 1008.7 50.5 15.0 0.9 22.5 17:20 NW 4 22.9 29.8 16:40 16.3 5:55 13.9 16.4 8.4 61% 90% 27% 28.9 1008.6 1009.9 1007.0 20.8 3.8 1.5 17.7 0:55 NNW 5 22.9 28.5 16:20 15.5 6:35 16.0 19.6 13.0 67% 87% 48% 29.3 1009.9 1011.1 1009.0 0.0 0.0 1.6 17.7 10:55 SE 6 20.5 24.2 15:30 18.0 23:20 17.0 18.8 15.3 80% 87% 65% 24.9 1010.2 1012.8 1007.5 174.2 18.2 0.9 22.5 16:50 NW 7 19.2 21.7 13:25 17.3 4:15 16.7 18.7 14.4 86% 92% 79% 22.6 1007.3 1008.6 1005.4 221.7 64.0 1.1 38.6 14:15 WSW 8 21.7 29.6 16:10 15.7 6:25 11.3 15.8 3.8 57% 86% 22% 27.8 1009.9 1013.6 1007.8 0.0 0.0 1.1 17.7 18:00 NW 9 20.6 26.3 16:50 14.0 6:10 13.0 16.2 9.9 64% 89% 37% 26.0 1014.6 1016.3 1012.9 0.0 0.0 1.5 19.3 1:20 SW 10 21.0 29.2 17:05 14.2 6:15 14.3 16.1 12.5 69% 91% 41% 29.6 1014.8 1015.6 1012.8 0.0 0.0 1.2 19.3 16:15 SE --------------------------------------------------------------------------------------------------------------------------------------------------------------------- 21.6 29.8 day 4 14.0 day 9 15.2 19.6 3.8 70% 92% 22% 29.6 1011.2 1018.9 1005.4 221.7 113.4 1.2 38.6 day 7 NW
Stazione Meteo Vantage Pro 2
Meteo Besozzo
Baron come già ti ho detto è fantastico!
Il problema è che a me la pressione e la pioggia e il rain rate non li prende corretti!
Guarda:
http://www.mirandolameteo.it/June_2008.txt
Stazione Meteo Mirandola-Modena (Ponte Alto)
No burian, no party!
Aspetto Weikoff e l'Orso da anni: il 2016 sarà quello giusto!
Segnalibri